{"id":982,"date":"2024-02-28T15:03:41","date_gmt":"2024-02-28T20:03:41","guid":{"rendered":"https:\/\/reseausommeil.ca\/?post_type=mec-events&#038;p=982"},"modified":"2025-01-06T09:23:01","modified_gmt":"2025-01-06T14:23:01","slug":"conference-6","status":"publish","type":"mec-events","link":"https:\/\/reseausommeil.ca\/en\/events\/conference-6\/","title":{"rendered":"Somnoclub - Multimodal Management of Obstructive Sleep Apnea Syndrome (OSAS): Expectations, roles and limitations of sleep apnea surgery."},"content":{"rendered":"<p class=\"xmsonormal\"><span lang=\"FR-CA\">Le R\u00e9seau qu\u00e9b\u00e9cois de recherche sur le sommeil vous invite \u00e0 une conf\u00e9rence du Somnoclub!<br \/>\n<\/span><\/p>\n<p class=\"xmsonormal\">Lieu : En virtuel par Zoom d\u00e8s 17h30.<\/p>\n<p class=\"xmsonormal\"><span lang=\"FR-CA\">Pr\u00e9sentateur : <\/span>Dr Badr Ibrahim, chirurgien ORL, CIUSSS-du-Nord-de-L\u2019Ile-de-Montr\u00e9al<\/p>\n<p class=\"xmsonormal\">Mod\u00e9rateur : Dr Jean-Louis Aub\u00e9, pneumologue, CHU de Sherbrooke<\/p>\n<p class=\"xmsonormal\">Objectifs p\u00e9dagogiques sp\u00e9cifiques :<\/p>\n<ul>\n<li>D\u00e9crire les diff\u00e9rentes options de traitements chirurgicaux pertinents au parcours de soins des patients SAOS.<\/li>\n<li>S\u00e9lectionner des candidats dont le profil anatomique et physiologique se pr\u00eate aux chirurgies des voies respiratoires pour le SAOS<\/li>\n<li>Int\u00e9grer l&rsquo;usage de l&rsquo;endoscopie du sommeil et des chirurgies du sommeil dans la planification du parcours de soins des patients SAOS.<\/li>\n<\/ul>\n<p>Public cible : Pneumologues, ORL, neurologues, internistes, r\u00e9sidents de ces sp\u00e9cialit\u00e9s et technologues travaillant en clinique du sommeil.<\/p>\n<p>Toutes les conf\u00e9rences Somnoclub seront enregistr\u00e9es et disponibles sur notre site.<br \/>\nPour toutes questions, contactez-nous : <a href=\"mailto:info@reseausommeil.ca\">info@reseausommeil.ca<\/a><\/p>\n<h3>Activit\u00e9 de d\u00e9veloppement professionnel reconnue<\/h3>\n<p>La pr\u00e9sente activit\u00e9 est une activit\u00e9 de formation collective agr\u00e9\u00e9e (section 1) au sens que lui donne le programme de Maintien du certificat (MDC) du Coll\u00e8ge royal des m\u00e9decins et chirurgiens du Canada ainsi qu\u2019une activit\u00e9 de d\u00e9veloppement professionnel reconnue (cat\u00e9gorie A) au sens que lui donne le Coll\u00e8ge des m\u00e9decins du Qu\u00e9bec. Cette activit\u00e9 a \u00e9t\u00e9 approuv\u00e9e par la direction de D\u00e9veloppement professionnel continu (DDPC) de la F\u00e9d\u00e9ration des m\u00e9decins sp\u00e9cialistes du Qu\u00e9bec.<\/p>\n<p>Vous pouvez d\u00e9clarer un maximum de 1 heure en section 1 \/ activit\u00e9 de d\u00e9veloppement professionnel reconnue (cat\u00e9gorie A). Les participants doivent r\u00e9clamer un nombre d\u2019heures conforme \u00e0 la dur\u00e9e de leur participation.<\/p>\n<h3>Le Somnoclub<\/h3>\n<p><span lang=\"FR-CA\">Le Somnoclub est une s\u00e9rie de rencontres \u00e9ducatives interprofessionnelles organis\u00e9es par le R\u00e9seau qu\u00e9b\u00e9cois de recherche sur le sommeil permettant le partage d\u2019expertise sur les troubles du sommeil. Les objectifs du Somnoclub sont d&rsquo;effectuer une mise \u00e0 jour sur les meilleures pratiques cliniques en m\u00e9decine du sommeil ainsi que de discuter des r\u00e9centes donn\u00e9es probantes issues de la litt\u00e9rature et des meilleures pratiques pour la prise en charge des pathologies du sommeil avec les coll\u00e8gues de toutes les disciplines concern\u00e9es. Chaque activit\u00e9 consistera en une pr\u00e9sentation d\u2019environ 45 minutes suivie d\u2019une p\u00e9riode de questions et de discussion de 15 minutes. Une attestation de pr\u00e9sence sera remise aux participants.<br \/>\n<\/span><\/p>\n<h3>Comit\u00e9 scientifique du Somnoclub<\/h3>\n<p>Dr Alex Desautels, neurologue<br \/>\nDr Vincent Jobin, pneumologue<br \/>\nDre Annie Christine Lajoie, pneumologue<br \/>\nDre Nadia Gosselin, neuropsychologue<br \/>\nH\u00e9l\u00e8ne Blais, technologue en \u00e9lectrophysiologie m\u00e9dicale<\/p>\n<h3>Comit\u00e9 organisateur du Somnoclub<\/h3>\n<p>H\u00e9l\u00e8ne Blais, technologue en \u00e9lectrophysiologie m\u00e9dicale<br \/>\nTyna Paquette, coordonnatrice du R\u00e9seau Sommeil<\/p>\n<p>Cette activit\u00e9 b\u00e9n\u00e9ficie d\u2019une subvention \u00e0 vis\u00e9e \u00e9ducative de Jazz Pharmaceuticals, Inc.<\/p>","protected":false},"excerpt":{"rendered":"<p>For deferred access to the conference, please contact: info@reseausommeil.ca.<\/p>","protected":false},"author":1,"featured_media":2620,"comment_status":"closed","ping_status":"closed","template":"","tags":[20],"mec_category":[7],"class_list":{"0":"post-982","1":"mec-events","2":"type-mec-events","3":"status-publish","4":"has-post-thumbnail","6":"tag-termine","7":"mec_category-somnoclub"},"acf":[],"_links":{"self":[{"href":"https:\/\/reseausommeil.ca\/en\/wp-json\/wp\/v2\/mec-events\/982","targetHints":{"allow":["GET"]}}],"collection":[{"href":"https:\/\/reseausommeil.ca\/en\/wp-json\/wp\/v2\/mec-events"}],"about":[{"href":"https:\/\/reseausommeil.ca\/en\/wp-json\/wp\/v2\/types\/mec-events"}],"author":[{"embeddable":true,"href":"https:\/\/reseausommeil.ca\/en\/wp-json\/wp\/v2\/users\/1"}],"replies":[{"embeddable":true,"href":"https:\/\/reseausommeil.ca\/en\/wp-json\/wp\/v2\/comments?post=982"}],"wp:featuredmedia":[{"embeddable":true,"href":"https:\/\/reseausommeil.ca\/en\/wp-json\/wp\/v2\/media\/2620"}],"wp:attachment":[{"href":"https:\/\/reseausommeil.ca\/en\/wp-json\/wp\/v2\/media?parent=982"}],"wp:term":[{"taxonomy":"post_tag","embeddable":true,"href":"https:\/\/reseausommeil.ca\/en\/wp-json\/wp\/v2\/tags?post=982"},{"taxonomy":"mec_category","embeddable":true,"href":"https:\/\/reseausommeil.ca\/en\/wp-json\/wp\/v2\/mec_category?post=982"}],"curies":[{"name":"wp","href":"https:\/\/api.w.org\/{rel}","templated":true}]}}

<p class="xmsonormal"><span lang="FR-CA">Le Réseau québécois de recherche sur le sommeil vous invite à une conférence du Somnoclub!<br />
</span></p>
<p class="xmsonormal">Lieu : En virtuel par Zoom dès 17h30.</p>
<p class="xmsonormal"><span lang="FR-CA">Présentateur : </span>Dr Badr Ibrahim, chirurgien ORL, CIUSSS-du-Nord-de-L’Ile-de-Montréal</p>
<p class="xmsonormal">Modérateur : Dr Jean-Louis Aubé, pneumologue, CHU de Sherbrooke</p>
<p class="xmsonormal">Objectifs pédagogiques spécifiques :</p>
<ul>
<li>Décrire les différentes options de traitements chirurgicaux pertinents au parcours de soins des patients SAOS.</li>
<li>Sélectionner des candidats dont le profil anatomique et physiologique se prête aux chirurgies des voies respiratoires pour le SAOS</li>
<li>Intégrer l&rsquo;usage de l&rsquo;endoscopie du sommeil et des chirurgies du sommeil dans la planification du parcours de soins des patients SAOS.</li>
</ul>
<p>Public cible : Pneumologues, ORL, neurologues, internistes, résidents de ces spécialités et technologues travaillant en clinique du sommeil.</p>
<p>Toutes les conférences Somnoclub seront enregistrées et disponibles sur notre site.<br />
Pour toutes questions, contactez-nous : <a href="mailto:info@reseausommeil.ca">info@reseausommeil.ca</a></p>
<h3>Activité de développement professionnel reconnue</h3>
<p>La présente activité est une activité de formation collective agréée (section 1) au sens que lui donne le programme de Maintien du certificat (MDC) du Collège royal des médecins et chirurgiens du Canada ainsi qu’une activité de développement professionnel reconnue (catégorie A) au sens que lui donne le Collège des médecins du Québec. Cette activité a été approuvée par la direction de Développement professionnel continu (DDPC) de la Fédération des médecins spécialistes du Québec.</p>
<p>Vous pouvez déclarer un maximum de 1 heure en section 1 / activité de développement professionnel reconnue (catégorie A). Les participants doivent réclamer un nombre d’heures conforme à la durée de leur participation.</p>
<h3>Le Somnoclub</h3>
<p><span lang="FR-CA">Le Somnoclub est une série de rencontres éducatives interprofessionnelles organisées par le Réseau québécois de recherche sur le sommeil permettant le partage d’expertise sur les troubles du sommeil. Les objectifs du Somnoclub sont d&rsquo;effectuer une mise à jour sur les meilleures pratiques cliniques en médecine du sommeil ainsi que de discuter des récentes données probantes issues de la littérature et des meilleures pratiques pour la prise en charge des pathologies du sommeil avec les collègues de toutes les disciplines concernées. Chaque activité consistera en une présentation d’environ 45 minutes suivie d’une période de questions et de discussion de 15 minutes. Une attestation de présence sera remise aux participants.<br />
</span></p>
<h3>Comité scientifique du Somnoclub</h3>
<p>Dr Alex Desautels, neurologue<br />
Dr Vincent Jobin, pneumologue<br />
Dre Annie Christine Lajoie, pneumologue<br />
Dre Nadia Gosselin, neuropsychologue<br />
Hélène Blais, technologue en électrophysiologie médicale</p>
<h3>Comité organisateur du Somnoclub</h3>
<p>Hélène Blais, technologue en électrophysiologie médicale<br />
Tyna Paquette, coordonnatrice du Réseau Sommeil</p>
<p>Cette activité bénéficie d’une subvention à visée éducative de Jazz Pharmaceuticals, Inc.</p>
